ase 2, what is 10000001001011101001010011 - -1?
10000001001011101001010100
In base 13, what is -24 - 3043?
-3067
In base 8, what is 1 + 453411564?
453411565
In base 10, what is 4239 + -638?
3601
In base 9, what is -1556 + 83683?
82126
In base 15, what is -84ed - 5ca?
-8ac8
In base 13, what is 6679 + -8b?
65bb
In base 7, what is -114 + 121311?
121164
In base 8, what is 34 - 755753?
-755717
In base 7, what is 513 + 105013?
105526
In base 15, what is 1a6b + -27ed?
-c82
In base 3, what is 110200 + 2002011111?
2002122011
In base 7, what is -31522 + 6311?
-22211
In base 11, what is -a1467 + -31?
-a1498
In base 11, what is 106509880 + 4?
106509884
In base 14, what is -9209 + -157?
-9362
In base 7, what is -101 - 532164?
-532265
In base 4, what is 1003011021301 + 3?
1003011021310
In base 12, what is 60760 - -a?
6076a
In base 13, what is -3 + -6a8c24?
-6a8c27
In base 12, what is 12b2 + 7bbb4?
812a6
In base 9, what is -4700 + -1787?
-6587
In base 13, what is 42095 + 20?
420b5
In base 13, what is 1694831 - -5?
1694836
In base 14, what is -3230a1 - -87?
-323018
In base 2, what is 101010001011100 - -1111100111010?
111001110010110
In base 16, what is -2bfb6 - 86?
-2c03c
In base 12, what is 164181 - -20?
1641a1
In base 8, what is 6330 - 123230?
-114700
In base 6, what is 4501 - 540210?
-531305
In base 4, what is -1122022 - 2202302?
-3330330
In base 14, what is 2 - a45b037?
-a45b035
In base 12, what is 420a8a1a - -1?
420a8a1b
In base 15, what is 66c - 1520?
-da3
In base 6, what is 4 - 21015505?
-21015501
In base 7, what is 22465116 + -6?
22465110
In base 7, what is -60612143 + 3?
-60612140
In base 11, what is -2716 + a50?
-1776
In base 16, what is -1 + -2e61a3?
-2e61a4
In base 6, what is 3503 + 154221?
202124
In base 8, what is 446275316 - 4?
446275312
In base 14, what is 37366 - 87?
372bd
In base 7, what is 43003 - -15615?
61621
In base 4, what is 211 + 3233330120?
3233330331
In base 2, what is 1111110010000 + 110111010000?
10110101100000
In base 13, what is 49c7780 - 5?
49c7778
In base 12, what is -2422 - -428?
-1bb6
In base 9, what is -182512 - -260?
-182242
In base 15, what is -7a + ded1de?
ded164
In base 10, what is -101 - 272840?
-272941
In base 9, what is -34883 + -232?
-35225
In base 4, what is -22 - -111220001323?
111220001301
In base 7, what is 61 + -4433120?
-4433026
In base 13, what is 3b9 + -28c32?
-28846
In base 11, what is -36684a100 - 2?
-36684a102
In base 4, what is 10 + -100021011012?
-100021011002
In base 9, what is -30005 - -44?
-28851
In base 13, what is -3 - 301254c?
-3012552
In base 11, what is 152 - 110904?
-110762
In base 12, what is -21b2a7 + -322?
-21b609
In base 8, what is -13274 + 2353?
-10721
In base 11, what is 4158a620 - 4?
4158a617
In base 9, what is 10617624 - 1?
10617623
In base 3, what is -2200021022000 + -12?
-2200021022012
In base 11, what is -138 - -7972a2?
797165
In base 16, what is -24e6542 - -1?
-24e6541
In base 4, what is 13110210220 - 10?
13110210210
In base 9, what is 558406 - -16?
558423
In base 7, what is 3543 - 3161061?
-3154215
In base 9, what is 708 - 32778?
-32070
In base 14, what is -2d5a - 400b?
-6d67
In base 12, what is -1 - -947528?
947527
In base 5, what is -434131144323 + 10?
-434131144313
In base 13, what is -985c - 9b?
-992a
In base 6, what is 35000241 - 101?
35000140
In base 12, what is 393511 - -252?
393763
In base 5, what is 33311410121 - 3?
33311410113
In base 11, what is -1355972 + -1a3?
-1356065
In base 14, what is -762 + c6?
-67a
In base 12, what is 59882303 - 1?
59882302
In base 16, what is -12070 + -366?
-123d6
In base 6, what is -20524215331 + 10?
-20524215321
In base 13, what is -21040 - -a3?
-20c6a
In base 14, what is -2 + -4db546?
-4db548
In base 3, what is 1100 + 100101110020?
100101111120
In base 14, what is -3903897 + -2?
-3903899
In base 4, what is -1 - 23332102102?
-23332102103
In base 7, what is -4 - 151253605?
-151253612
In base 7, what is 226356 + -232?
226124
In base 3, what is 2020 - -2011210111?
2011212201
In base 8, what is -3 + 106337225?
106337222
In base 2, what is 10000001001111 - 111010011?
1111001111100
In base 5, what is -102334133200 + 30?
-102334133120
In base 3, what is -12 + 10201102211001122?
10201102211001110
In base 4, what is 13003012023 + 2231?
13003020320
In base 13, what is -6a1a7726 + -4?
-6a1a772a
In base 7, what is -4 + -1013600124?
-1013600131
In base 12, what is 75 - 6b574?
-6b4bb
In base 5, what is -1 + 410431212034?
410431212033
In base 11, what is 8a70 - -7982?
15942
In base 9, what is 42363 - 36?
42326
In base 9, what is 114222776 - 3?
114222773
In base 16, what is 9 + 15cef3?
15cefc
In base 8, what is 203 - 17070?
-16665
In base 11, what is 712a - -555?
7684
In base 6, what is 44523252 - -141?
44523433
In base 4, what is -22103211332 + 23?
-22103211303
In base 16, what is -1b1 - 1224?
-13d5
In base 12, what is -32a0735 - -1?
-32a0734
In base 8, what is 23123 + 302?
23425
In base 7, what is -5401000 + 412?
-5400255
In base 13, what is -45cb6 + b23?
-45193
In base 13, what is -56 - 28680?
-28706
In base 4, what is -12 - 2121310100020?
-2121310100032
In base 15, what is d01 + 44ebd?
45cbe
In base 6, what is 1 + -41244400?
-41244355
In base 14, what is 463a359 - -5?
463a360
In base 13, what is -23 - 1a5c2b6?
-1a5c309
In base 12, what is 2 - 1a174a87?
-1a174a85
In base 8, what is -12 + 7146654?
7146642
In base 5, what is 134240 + -1104444?
-420204
In base 8, what is 0 - -16214557?
16214557
In base 16, what is 11a8f858 - 3?
11a8f855
In base 16, what is -15df0c + -20d?
-15e119
In base 12, what is -652 + bbb1?
b55b
In base 14, what is 43a0 - -8476?
c836
In base 9, what is -6 - 46683676?
-46683683
In base 9, what is 1 + 22020704?
22020705
In base 15, what is -79921ab + -2?
-79921ad
In base 14, what is d12214 + 4?
d12218
In base 3, what is -200001122 - 20020?
-200021212
In base 8, what is -267300 - 1361?
-270661
In base 12, what is 35b2a + -1768?
34382
In base 15, what is 4d7cc - -10?
4d7dc
In base 6, what is -313255 - -3520?
-305335
In base 10, what is -214927 - -1024?
-213903
In base 11, what is 4096 - -152?
4238
In base 15, what is 2e009c5 + -2?
2e009c3
In base 5, what is 342333134 + -4040?
342324044
In base 12, what is 27500124 - 2?
27500122
In base 2, what is -1011100010000110101010 + 1?
-1011100010000110101001
In base 14, what is -26b3ad + c7?
-26b2c6
In base 2, what is 11010111000101110011111 + 11?
11010111000101110100010
In base 2, what is -11 - 1010001000001111110000011?
-1010001000001111110000110
In base 8, what is 445 - -63220?
63665
In base 7, what is -6232 - -40122?
30560
In base 13, what is -87368 - -68?
-87300
In base 6, what is -1 - 10250522234?
-10250522235
In base 13, what is -5531712 - -9?
-5531706
In base 6, what is 201535 - -23433?
225412
In base 16, what is -27e563c + -8?
-27e5644
In base 7, what is -20303 + -21536?
-42142
In base 10, what is 91 + 6029?
6120
In base 15, what is 2 - 60752c?
-60752a
In base 15, what is -131c75 - 31?
-131ca6
In base 3, what is -10011022 + 21220?
-2212102
In base 7, what is 11033030 + 110?
11033140
In base 5, what is -2 + 2030322203?
2030322201
In base 11, what is -25a0873 + 81?
-25a07a2
In base 9, what is -6820 - -44152?
36232
In base 12, what is 241 + 163208?
163449
In base 4, what is 110223 - 13331202?
-13220313
In base 4, what is -113 + 1100313002?
1100312223
In base 8, what is 417543722 + 0?
417543722
In base 14, what is -816284 - -4?
-816280
In base 2, what is 111010011 + -110111?
110011100
In base 3, what is 201020210012 + 212?
201020211001
In base 7, what is -1634262 - -42?
-1634220
In base 2, what is 101010101 - -111001010000?
111110100101
In base 2, what is 101110 + 1010011111?
1011001101
In base 6, what is -115552 + 105?
-115443
In base 6, what is -2505243 - -4001?
-2501242
In base 15, what is -1adbecd + 1?
-1adbecc
In base 4, what is 1 - 111222221131?
-111222221130
In base 15, what is 2246 - 70b?
1a3a
In base 13, what is 44500a + 12?
44501c
In base 5, what is -410224440 - -11344?
-410213041
In base 4, what is 2202332313212 + -11?
2202332313201
In base 11, what is 4 + 560829?
560832
In base 6, what is -142345002 + 102?
-142344500
In base 6, what is -50052040 + -51?
-50052131
In base 10, what is 101550634 + 6?
101550640
In base 16, what is 18 - 2f6a046?
-2f6a02e
In base 13, what is 3 + 27103b?